pose -3*q - 5*x + 42 = 0, -3 + 94 = 4*q - 5*x. Suppose -306*j + 310*j - 44 = 0. Let i = q + j. What is the remainder when i is divided by 12?
6
Calculate the remainder when 2/(-4)*((-2287)/6 + 150/(-180)) is divided by 63.
2
Let j(w) = -15644*w**3 + 30*w**2 + 27*w - 2. Calculate the remainder when j(-1) is divided by 96.
93
Suppose -28*m + 1371645 = 137*m. What is the remainder when m is divided by 132?
129
Suppose -28 = -6*w + 62. Suppose u = -i - 2*i + 1, 5*i = -w. What is the remainder when 18 is divided by u?
8
Let a(t) = -22*t. Let d(f) = -6*f - 32. Let o be d(-6). Suppose -3*s - o*u = -20, -4*u = s - u - 5. What is the remainder when a(-1) is divided by s?
6
Let t(y) = -2 - 8*y + y**2 - 2*y**2 + 2*y**2. Let u(x) = -21*x**3 - 2*x**2 - 2*x - 1. Calculate the remainder when u(-1) is divided by t(9).
6
Suppose -4*y - 5*w + 711 + 97 = 0, -2*w + 1010 = 5*y. Let s(x) = 6*x**3 + 30*x**2 - 297*x + 2. What is the remainder when y is divided by s(5)?
15
Suppose 4*d + 3*z = z + 240, -4*d - z + 242 = 0. Let a = d + -53. Suppose -a*r + 81 = -231. What is the remainder when 75 is divided by r?
36
Let c = 109 - 35. Let p be ((-33)/6)/((-1)/c). Suppose -7*i + p = -279. What is the remainder when i is divided by 25?
23
Suppose 287*y - 8 = 283*y. Suppose 3*r - 29 = y*a + 126, 2*r + 2*a = 100. What is the remainder when 356 is divided by r?
50
Calculate the remainder when ((-4)/7)/(10/(-12180)) is divided by 247.
202
Let h be -2 - (12 + 0 + -7). What is the remainder when -2*h/35 + (-1076)/(-10) is divided by 30?
18
Let v be (-1331)/(-77) - (-2)/(-7). Let b = v + 15. Let t(x) = 32*x + 632. What is the remainder when t(-17) is divided by b?
24
Suppose -3*y = -10*p + 1121, -y = -4*p + 388 + 59. Calculate the remainder when 297 is divided by p.
77
Suppose -44*g + 41*g = -351. Calculate the remainder when 960 is divided by g.
24
Suppose 4*x - 5*o - 192 = -o, 0 = o + 2. Calculate the remainder when x is divided by (79 + -75)*38/8.
8
Let t = -28 - -43. Let u be -6*((-33)/(-9) - 4). Calculate the remainder when 4 + (81 - -2) + u is divided by t.
14
Suppose 4*l + 2421 - 182 = r, 4*r = -4*l + 9056. Calculate the remainder when r is divided by 78.
75
Suppose -3341 = -5*p + 8 + 4056. What is the remainder when p is divided by 46?
9
Suppose 1025 = 5*q - s - 1111, 0 = 2*q + 4*s - 894. Calculate the remainder when 456 is divided by q.
27
Let n = -98 + 226. What is the remainder when 1014 is divided by n?
118
Suppose -5*f + 2*b = -343 + 14, -271 = -4*f - b. Let g = 148 + -145. Suppose 158 = -g*a + 209. Calculate the remainder when f is divided by a.
16
Let w = -1798 + 1834. What is the remainder when 191 is divided by w?
11
Let i(p) be the second derivative of 5*p**5/4 + p**2/2 - 5*p. What is the remainder when 2/8 - 2483/(-52) is divided by i(1)?
22
Suppose -25956 = -258*h + 3714. Calculate the remainder when 3447 is divided by h.
112
Let f = 119574 + -119367. Calculate the remainder when f is divided by (3*6)/(2/3).
18
Suppose 0 = -3*i + 11*r - 8*r + 1512, 0 = 2*r + 4. Let h = i + -453. What is the remainder when h is divided by 13*1 - (0 + -1)?
7
Let l be ((-4)/(-8 - -6))/(6/(-15)). What is the remainder when 41*((-1)/l - 68/(-85)) is divided by 14?
13
Suppose 5*p - 108 = 402. Calculate the remainder when 102 is divided by p.
0
Let j(h) = 745*h + 1. Let x be j(-1). Let z be ((-6)/4)/(12/x). Let f = 156 - z. Calculate the remainder when f is divided by 24.
15
Let c = -3780 - -3805. Calculate the remainder when 3147 is divided by c.
22
Suppose 43*t - 2051 = -202. Calculate the remainder when 2835 is divided by t.
40
Let i = -1665 + 1682. Calculate the remainder when 368 is divided by i.
11
Suppose -2*k = -5*c + 20, -3*k - 3 + 6 = -2*c. What is the remainder when 41 is divided by (-3)/6*(0 - c)?
2
Let x(o) = -3*o**3 + 28*o - 1 - 15*o - 8*o. Calculate the remainder when x(-2) is divided by -2*1*-2*1.
1
Suppose -n = -5*n + 16. Let j(x) = -11*x**3 + x. Let z be j(-1). Calculate the remainder when n is divided by 208/65 + (-2)/z.
1
Let i(a) = -a**2 - 10*a - 9. Let x be i(-9). Suppose 3*o - 29 + 5 = x. Suppose 0*g = -4*g + 8*g - 84. Calculate the remainder when g is divided by o.
5
Let t(i) = -17*i + 2028. What is the remainder when 6953 is divided by t(119)?
3
Let u be (14/6)/(-1) - 282/423. Calculate the remainder when (u/4)/(77/(-6468)) is divided by 6.
3
Let z be (0 + -4 + 4)/(-1). Let x be 0 + 63 - (-1 + z). Let t = 110 - x. What is the remainder when t is divided by 24?
22
Let h(z) = 2*z**2 - 12*z + 16. Let t be h(5). Suppose t = -2*q, 6*x - 54 = 5*x + q. Calculate the remainder when x is divided by 32.
19
Let o = 3202 + -3006. Calculate the remainder when o is divided by 43.
24
Let u(d) = -11*d**2 - 61*d - 19. Let c(t) = 7*t**2 + 40*t + 13. Let m(f) = -8*c(f) - 5*u(f). What is the remainder when 106 is divided by m(-9)?
16
Let a(f) = f**3 + 13*f**2 - 2*f + 5. Let s be a(-13). Let d = s + -18. What is the remainder when (-43 - 3)*(-1)/2 is divided by d?
10
Suppose 1764 = -3*k + 5*l, l + 4*l + 2940 = -5*k. Let t = k - -624. What is the remainder when 59 is divided by t?
23
Let j = 31 - 27. Let u = -95 + 92. Let f(n) = -24*n - 13. Calculate the remainder when f(u) is divided by j.
3
Let p(u) = -58*u**3 - 3*u**2 + 11*u + 17. What is the remainder when p(-4) is divided by 1817?
3
Suppose -5*m + 366 = 7*j - 639, 5*j = 2*m - 363. What is the remainder when m is divided by 185?
9
Let v = 27939 + -27932. Let g = -70 - -99. What is the remainder when g is divided by v?
1
Let x = 7980 + -7860. Calculate the remainder when 586 is divided by x.
106
Let a = 144 - 69. Let q = -71 + a. Suppose 0 = -5*m - 0*m + 5*x + 135, 3*m - q*x = 84. Calculate the remainder when m is divided by 10.
4
Let s be 0 + -6 + -277 + -15. Let h = s + 376. Calculate the remainder when h is divided by 9.
6
Suppose 8986 = -98*o + 11142. Calculate the remainder when 211 is divided by o.
13
Let l = 13 - 8. Calculate the remainder when 64 + -4 + 33 - ((0 - 2) + 11) is divided by l.
4
Suppose 0 = -4*r + 354 + 242. Suppose -2*z = d - 63, 4*z + 16*d - 20*d - 108 = 0. Calculate the remainder when r is divided by z.
29
Let p(s) = 16*s - 119. Let m be p(8). Suppose m*x - 1661 = -2*x. What is the remainder when x is divided by 42?
25
Suppose -4*r + 4*g = 2*g - 1002, r - 4*g = 247. Calculate the remainder when r is divided by (-826)/(-708) + 87/18 + 3.
8
Suppose 35 = 13*y - 18*y. Let g be 1359/y - 2/(-14). Let c = -92 - g. Calculate the remainder when c is divided by 21.
18
Suppose -2*c - 174 + 1110 = 0. Suppose 4*b + 4*u - 108 = 3*b, -2*u = -4*b + c. Calculate the remainder when b is divided by 17.
14
Suppose 3*q - 4522 - 505 = -2*l, 2*l = 3*q - 5059. What is the remainder when q is divided by 51?
49
Let m = -29 - -72. Let z = -162 + 167. Suppose 2*o + 674 = 4*b, z*b - 262 = -3*o + 597. What is the remainder when b is divided by m?
41
Suppose 0 = -11*t - 4*t + 420. Suppose -5*y = -3*i + 33, 2*i - t = -4*y - 6. Suppose -6*b + 215 = -b. Calculate the remainder when b is divided by i.
10
Suppose 0 = 7*h - 5*h - 94. Let g be 4/3*24/2. Suppose -g = -23*i + 21*i. Calculate the remainder when h is divided by i.
7
Let z be 1/((-204)/201 - -1). Let o = z + 105. What is the remainder when -1*((-442)/6 - 10/30) is divided by o?
36
Let b = -6675 - -6866. Calculate the remainder when 1525 is divided by b.
188
Let o(z) = -430*z - 2111. Let n be (0 - -2)*(-6)/(-4). Suppose i - 48 = -4*c - 3*i, -n*c - 2*i = -34. Calculate the remainder when o(-5) is divided by c.
9
Suppose -j + 513 = 5*b, 2*j = -4*b + 494 - 62. Calculate the remainder when (6/4)/(1/126) is divided by b.
90
Let w(m) = -2327*m - 39539. Let x be 5/(15/2)*-21. Let d = x - -27. Calculate the remainder when w(-17) is divided by d.
7
Let a(d) = 6*d + 42. Let v(j) = 42 - 82 - 44 - 12*j. Let k(p) = -7*a(p) - 4*v(p). Calculate the remainder when 45 is divided by k(-5).
9
Let q be (-12)/(-54) - (-227)/(-9). Let b = 42 + q. Suppose 6*z + v = 2*z + 395, 3*v = -z + 85. What is the remainder when z is divided by b?
15
Let a = 160 + -158. Let z(h) = 32*h - 45. Suppose 0*r + 8 = 2*r. What is the remainder when z(a) is divided by r?
3
Suppose q + 299 - 323 = 0. Suppose -66 = 18*t - q*t. Suppose 5*u = -10, -3*l + 2*l - 2*u = -147. What is the remainder when l is divided by t?
8
Let l